ose 2*r = 4*r. Suppose 4*a = -r*a + 60. Calculate the highest common factor of c and a.
3
Suppose 0 = 10*g - 679 - 1931. Suppose -27*r = -11*r - 464. Calculate the greatest common divisor of g and r.
29
Let h = 34819 + -34387. Calculate the greatest common divisor of h and 135.
27
Suppose -10*k - 496 = -14*k. Calculate the greatest common divisor of k and 5363.
31
Let t(h) = 3*h**2 - 20*h - 90. Let q be t(18). Suppose s - q = -137. Calculate the greatest common divisor of 77 and s.
77
Let x be 20/170 - ((-72)/(-34) + -2). Suppose x = f - 193 - 127. Calculate the highest common factor of f and 40.
40
Suppose 15*b = 697 + 4309 + 154. Calculate the highest common factor of 8 and b.
8
Suppose 0 = k, -3*k - 39 = -2*p - 13. What is the highest common divisor of 923 and p?
13
Let o be (-117)/78 - (-190)/4. Calculate the greatest common divisor of 713 and o.
23
Let d = 69 - 34. Suppose 546*s - 599*s = -1113. Calculate the greatest common divisor of s and d.
7
Let q(s) = s**3 + 13*s**2 + 39*s + 8. Let y be q(-8). Let m(w) = -2*w**2 + 26*w + 151. Let i be m(y). What is the greatest common factor of i and 231?
11
Let l = 7925 - 7889. What is the highest common divisor of 21888 and l?
36
Suppose -5*u = -u - 300. Let m(g) = 4*g**2 - 24*g + 62. Let f be m(4). What is the greatest common divisor of u and f?
15
Let g be 6*2*(-8)/(-6). Let w(s) = 27*s**2 + 1966*s - 3928. Let j be w(2). Calculate the highest common factor of g and j.
16
Suppose -v - 18 = 12*u - 13*u, 0 = 3*v - 12. Calculate the highest common factor of u and 1782.
22
Suppose 442*m = 436*m + 7560. Let j = -652 + m. Calculate the highest common factor of 19 and j.
19
Let b(h) = -109*h. Let p be b(6). Let n = p - -962. What is the highest common divisor of n and 132?
44
Suppose 5*x + 344 = 4*g, 0 = 4*g + 3*x - 6*x - 336. Suppose t + 5 = 0, 57*c - 4*t + 205 = 62*c. What is the greatest common factor of g and c?
9
Suppose 3 - 2 = n, f - 59 = -5*n. Let m be -10 - -7 - (0 - 2) - -3. Suppose -m*i - 3*h + 21 = 0, -5*h = -0*h - 15. What is the highest common factor of f and i?
6
Let f be 180*(-11 + (-176)/(-12)). What is the highest common divisor of f and 77?
11
Suppose -2*u = -5*w - 385, 3*u - 2*w + 5*w = 546. Suppose 20*z - 15*z - u = 0. Let b = 39 - z. What is the greatest common divisor of 8 and b?
2
Suppose -2*h - 3*c = -46, -3*c = 4*h + 27 - 95. What is the greatest common divisor of 10109 and h?
11
Let m = -7653 + 8454. What is the highest common factor of 99 and m?
9
Let j(n) = -4*n - 2. Let l be j(-1). Let t = 37 - -3. Suppose 27 = 3*i - 3*s, -t = -5*i + 5*s - s. Calculate the greatest common factor of i and l.
2
Let w be 367 + 56/(-7) + (24 - 8). Calculate the highest common divisor of 625 and w.
125
Let n = 7746 + -3781. Suppose -5*o = -0*o - n. Calculate the highest common divisor of o and 13.
13
Let j = 94 + -24. Let s(a) = -a**3 - 22*a**2 - 46*a - 64. Let x be s(-20). Calculate the greatest common divisor of j and x.
14
Let g(m) = -13*m - 1. Let j be 2/4 - 2/4. Let h be 1 - (j - (-2)/1). Let v be g(h). What is the highest common factor of 4 and v?
4
Let y(p) = -21 - p**2 - 20 - 14*p + 17. Let n be y(-11). Let d be (n + -2)*(2 - 1)/1. Calculate the highest common factor of d and 21.
7
Let u = 6123 - 5931. What is the highest common factor of 84 and u?
12
Let x(z) = z**2 + 2*z - 24. Let r be x(-6). Let g = 120 + r. Suppose 3*b + 8 = 53. Calculate the highest common factor of b and g.
15
Let u(m) = -4*m**2 + 10*m + 88 - 72 + 5*m**2. Let g be u(-16). Suppose p - 4*p + 100 = b, -132 = -4*p - b. Calculate the greatest common divisor of p and g.
16
Let u be ((-550)/(-220))/(10/(-6))*-12. What is the highest common divisor of u and 354?
6
Let p be -165*((-147)/9 + 16/(-8)). What is the highest common divisor of p and 220?
55
Let n = 15682 + -15673. Let s(y) = -y. Let l be s(-1). Let h be 0/l - (-16 + -2). Calculate the greatest common divisor of h and n.
9
Let f(k) = 3*k**2 - 44*k + 803. Let w be f(50). Calculate the highest common divisor of 17 and w.
17
Let l(q) = 8*q**2 - 2388*q - 4775. Let d be l(-2). Calculate the greatest common factor of 61017 and d.
33
Let d be 206/4 + 57/114. Let r be 1014/d*(-56)/(-6). What is the greatest common divisor of r and 52?
26
Suppose 5*l - 14*u - 14885 = 920, 3137 = l + 2*u. Calculate the highest common factor of l and 3.
3
Suppose 9375 = -38*s + 58*s + 105*s. What is the greatest common divisor of s and 5775?
75
Suppose 53*q - 147*q + 1330 + 1490 = 0. Suppose -2*k + 0 = -36. What is the greatest common divisor of k and q?
6
Let o be (5/(75/42))/((-2)/(-5)). Suppose -4*t + 30 = -j, -o*j + 8*j - 26 = -4*t. What is the greatest common factor of t and 63?
7
Let g = 17 + -13. Suppose -223 = g*s - 5*l, -s - 3*s = l + 253. Let v = s - -86. Calculate the greatest common divisor of v and 168.
24
Let q(p) = 90*p**2 - 121*p - 1. Let f be q(2). Calculate the greatest common factor of 78 and f.
39
Suppose 0*y = -y. Suppose 137 = 2*x - y*x + 5*i, -2*i = -2*x + 158. Suppose 5*q = 3*q + x. What is the highest common factor of 304 and q?
38
Let v(c) = -c**3 - 13*c**2 - 15*c - 6. Let q be v(-12). Suppose 83*w - 84*w - q = 0. Let f = w - -98. What is the highest common factor of 170 and f?
34
Suppose -318 = -j - 306. Suppose q = 3*i + 6, 7*q = 5*q - i + j. Calculate the highest common divisor of 48 and q.
6
Let m = -25 - -74. Let d = 31 + m. Suppose -3*l = w - 66 + 1, 2*l - w - 35 = 0. Calculate the greatest common divisor of d and l.
20
Let n = 33 + 39. Suppose 0 = 129*i - 797 - 462 + 227. What is the highest common factor of n and i?
8
Let u = 9314 + -8973. Suppose -84 - 40 = -4*p. Calculate the greatest common divisor of u and p.
31
Suppose 27*q - 5910 - 586 = -1474. What is the highest common divisor of 6014 and q?
62
Suppose -4*q + 59 = r, 3*r - 2*q - 162 = q. Let u = 43 - 40. Suppose u*n = -5*n + 88. What is the highest common factor of n and r?
11
Suppose 5*m - 124 = -49. Let s(z) = z**3 + 7*z**2 + 3*z + 3. Let k be s(-6). Suppose -c - 11 = -k. What is the highest common factor of c and m?
5
Let q(s) be the third derivative of -s**5/30 - 13*s**4/24 + 13*s**3/6 + 4*s**2 - 4*s. Let m be q(-7). Calculate the highest common divisor of 108 and m.
6
Suppose -3*r - 12 = d, -8*d + 32 = -4*d - 4*r. Suppose -5*g = -d*q + 47, -2*q + 0*q = -5*g - 38. What is the highest common factor of q and 9?
9
Let b = 10318 + -10225. Calculate the greatest common factor of 2790 and b.
93
Let a(t) = t**2 - 15*t - 42. Let g be a(25). Calculate the highest common factor of 592 and g.
16
Suppose -5*r = 5*s - 10*r - 30, 3*s + 5*r = 2. Suppose -8*t + 6 = -10*t, 0 = -5*l + s*t + 312. Calculate the highest common divisor of l and 8.
4
Let p be -42*1 - (7 + -10). Let d be 461 + (-13)/(p/(-6)). Calculate the greatest common factor of 27 and d.
27
Let b(n) = -7*n + 7. Let v be b(-8). Let u = 16492 - 16485. Calculate the highest common divisor of u and v.
7
Suppose 288*p - 285*p = 114. What is the highest common factor of p and 266?
38
Let i(l) = 35*l - 3136. Let u be i(99). Calculate the greatest common factor of 490 and u.
7
Let k(w) = w**2 + 3*w - 26. Let t be k(-7). Suppose -3*v + t*v = 0. Let q be ((-147)/63)/(v - 2/54). What is the greatest common divisor of q and 9?
9
Let j(a) = 4*a**2 + a - 39. Let h(f) = -2*f + 34. Let b be h(21). Let r be j(b). What is the greatest common factor of r and 19?
19
Suppose -5*r - 65 = -80. Suppose -4*m - r*h = -40 - 7, m - 18 = -2*h. What is the greatest common divisor of m and 248?
8
Let y be (8 - (4 + -3))/(2 - 1). Suppose 0 = y*p - 9*p + 572. What is the highest common factor of 22 and p?
22
Suppose 5*a - 4 = -g, a + 0*a + 52 = 2*g. Suppose -38*r + 510 = -32*r. Let i = -79 + r. What is the greatest common divisor of i and g?
6
Let c(m) = m**3 + 11*m**2 - 11*m + 87. Let l be c(-9). Calculate the greatest common factor of l and 319.
29
Let c be ((-897)/156)/(1/(-4)). Let k = 166 - 74. Calculate the greatest common factor of c and k.
23
Let k = 40 - 25. Let m be 0/((-5)/k*-6). Suppose -p - 3 = 2*u - 21, m = -3*p - 2*u + 66. What is the highest common divisor of p and 12?
12
Suppose 0 = 3*d - 8*d - 770. Let p = d - -167. What is the highest common divisor of 104 and p?
13
Let u = -316 + 330. Let b be (86/301)/(1/u). What is the greatest common factor of 14 and b?
